80.
1
Let u = -361 + 404. Calculate the remainder when 101 is divided by u.
15
Let g be -1*(-5)/2*-2. Let k = g + 22. Let l = 281 + -248. Calculate the remainder when l is divided by k.
16
Let v(z) = -7*z**2 + 46*z - 4. What is the remainder when v(6) is divided by 18?
2
What is the remainder when 44 is divided by (-15)/((-45)/24) + 7?
14
Suppose -2*w - 2 = 5*k - 5, 0 = 2*w - 2*k - 38. Let m = -884 - -910. Calculate the remainder when m is divided by w.
12
Suppose 4*w + 0*f - 40 = 4*f, 0 = w + 5*f - 4. Let v(n) = -2*n + 26. Suppose -44 - 8 = -4*g. What is the remainder when g is divided by v(w)?
5
Let j(o) = 4*o**2 - 5*o + 2. Suppose -5*i - 2211 = -666. What is the remainder when j(3) is divided by i/(-24) - (-3)/24?
10
Suppose -f + q = -2, 5*f + 3*q = -q + 28. Suppose -3*s - f = -i, -6 - 10 = -4*s - 4*i. Let n(u) = -2*u + 12. What is the remainder when 34 is divided by n(s)?
10
Suppose 0*z - z + 24 = -3*p, -5*p = 2*z - 4. Let l(y) = -y + 14. Let n be l(8). What is the remainder when (255/(-10))/(n/(-8)) is divided by z?
10
Suppose 2*k + 5*o + 7 = 0, 0 = 3*o - o + 6. What is the remainder when (3 - 3) + 13*1 is divided by k?
1
Let a(n) = -n**2 - 9*n - 9. Let q(j) = -10*j + 23. Calculate the remainder when a(-7) is divided by q(2).
2
Suppose -182*p - 3570 = -199*p. What is the remainder when p is divided by 102?
6
Let x = -2558 + 2577. Calculate the remainder when 252 is divided by x.
5
Suppose 0 = 27*c - 269 - 109. Suppose 3*a - 291 = 2*v, 5*a - 5*v - 309 = 171. Let b = a + -31. Calculate the remainder when b is divided by c.
12
Let x = 6 + 17. Let a = x - 17. What is the remainder when 14 is divided by 74/14 + a/(-21)?
4
Let s(v) = -2*v - 7. Let r(m) = -m. Let k(q) = -5*r(q) + s(q). Let i be k(3). What is the remainder when (0 - (i - 4)) + 17 is divided by 7?
5
Let s be (-4)/((-1 - 1)/2). Suppose 0 = -5*o - 3*c + 76, s*c = o + o - 20. Calculate the remainder when 33 is divided by o.
5
Suppose 5*c - 3*n - 516 = 0, -3*n = 4*c - 8*n - 405. Let o = 214 - c. Calculate the remainder when o is divided by 37.
35
Let w be 4/(-12)*-3*-4. Let p = w + 7. Calculate the remainder when 12 + 6 + (1 - p) is divided by 6.
4
Let i(v) = -v + 22. Let m be i(-6). Let r = 54 - m. What is the remainder when r is divided by 8?
2
What is the remainder when 80 is divided by ((-1)/2 + -3)*-2?
3
Let y = -2 + 4. Let p(t) be the second derivative of -t**4/12 + 7*t**3/3 - 3*t**2 + 30*t. Calculate the remainder when p(13) is divided by y.
1
Let w(g) = -g**3 - 10*g**2 + 16*g - 49. Calculate the remainder when w(-14) is divided by 86.
81
Suppose 40 = 4*g - 9*g. Let a = 3 - g. Calculate the remainder when a is divided by 5.
1
Suppose 4*m - 17 = 135. Let x = 15 - 13. Suppose 3*s - x*j + 14 = 54, -4*j = 20. Calculate the remainder when m is divided by s.
8
Let z(f) = f**3 - 8*f**2 - 21*f + 15. Let b be z(10). Suppose 145 = 10*i - b*i. What is the remainder when 56 is divided by i?
27
Let l = -82 + 78. Calculate the remainder when 15 is divided by l*(-3)/6 + (1 - -1).
3
Suppose 0 = u + 4*x - 20, 7*u - 10 = 2*u - 2*x. Suppose -2*t = -36 - u. Let n = -4 + t. What is the remainder when 54 is divided by n?
12
Suppose 0 = -6*q + q - 5*h + 170, 5*q - 5*h = 200. What is the remainder when 71 is divided by q?
34
Let x = 100 - 142. Let w = x - -62. What is the remainder when w is divided by 11?
9
Suppose 0 = 2*a - 13 - 81. Suppose 3*o + a = z, 2*z + 3*o = 5*z - 153. Suppose -19 = -m + 8. Calculate the remainder when z is divided by m.
26
Let q = 167 + -79. What is the remainder when q is divided by 47?
41
Let r be -2 - (-3 - 3 - -4). Let u be -1 - (33/3 - r). Calculate the remainder when (-3)/(u/44)*1 is divided by 6.
5
Let q(u) = u**2 + 7*u. Let z(y) = y**3 + 14*y**2 + 8*y - 6. What is the remainder when z(-13) is divided by q(-10)?
29
Suppose -5*s - q = -72, 0*s - s + 18 = -q. Calculate the remainder when s is divided by 198/36 + (-4)/8.
0
Let w = -36 + 155. Calculate the remainder when w is divided by -2 - (5 + -18*(-15)/(-10)).
19
Suppose 56 = -0*l + 4*l. Let a(t) be the second derivative of t**4/12 + 3*t**3/2 - 9*t**2/2 + 3*t. What is the remainder when a(-12) is divided by l?
13
Let v(c) = 85*c + 612. What is the remainder when 209 is divided by v(-7)?
5
Suppose 2*s - 7*s = -30. Let o(q) be the second derivative of q**4/12 - q**3/3 + 3*q**2/2 - 4*q. What is the remainder when o(4) is divided by s?
5
Suppose -9*w = -5*w - 236. Calculate the remainder when 119 is divided by (-1)/2 + 1 - w/(-2).
29
Calculate the remainder when 2/(-8)*-4 - -47 is divided by 38/4*2 - 2.
14
What is the remainder when 50 is divided by (-136)/(-272) + (-118)/(-4)?
20
Suppose -5*q - 4*g = -9*q + 232, 3*g - 180 = -3*q. Calculate the remainder when q is divided by 16.
11
Let v(x) = -x**3 + 5*x**2 + 35. Calculate the remainder when 113 is divided by v(0).
8
Let d(q) = 4*q**2 + 55*q - 7. Let v be d(-16). Suppose -v = -4*c - 5*a, -112 = -4*c - a + 21. What is the remainder when c is divided by 6?
3
Let s(n) = n**2 + 4*n - 2. Let z be s(-4). Let d be (z - -2 - 3)*1. Let g(t) = -2*t**3 - 5*t**2 - t + 2. Calculate the remainder when 39 is divided by g(d).
11
Suppose 3*k = 4*w - 95, -2*w = -5*w + 4*k + 80. Suppose 37*a - w = 35*a. Calculate the remainder when 58 is divided by a.
8
Suppose 20 = i + l, -6*i = -2*i + 2*l - 88. Let w(g) = -g**3 - 2*g**2 - g - 1. Let k be w(-2). Calculate the remainder when i is divided by k*(11 - 1*-2).
11
Let b be 6/5*(15 + 0 + 5). Let j = 8 + -5. Suppose 0 = j*g - 33 - b. Calculate the remainder when 74 is divided by g.
17
Let k = 20 - 39. Let d = k - -23. Suppose 13 = f + d. What is the remainder when 24 is divided by f?
6
Let n = 43 + -36. What is the remainder when n is divided by 3?
1
Suppose 12*j - 1862 = -26*j. What is the remainder when 180 is divided by j?
33
Let f(i) be the second derivative of 3*i**4/4 + i**3/6 + i**2/2 + 4*i. Let s be (5 - 6/2)*1. What is the remainder when f(s) is divided by 14?
11
Suppose -23*a + 812 = -16*a. Calculate the remainder when a is divided by 17.
14
Let a(t) = -13*t**3 - t**2 + t + 1. Suppose 5*m = -2 - 3. Calculate the remainder when 20 is divided by a(m).
8
Suppose 0 = -h + 154 - 28. What is the remainder when h/5 - 2/10 is divided by (-344)/(-48) - 1/6?
4
Let w = -85 + -12. Let i = w + 181. Calculate the remainder when i is divided by (-2)/(-3) - (-170)/6.
26
Let d(o) = -o**3 + 7*o**2 + 9*o + 21. Let t be d(9). Let a = 74 + t. What is the remainder when 40 is divided by a?
12
Let k = 6 + -1. Suppose -8 = -k*i + i. Suppose p - 57 = -w, -6*p - i*w + 224 = -2*p. Calculate the remainder when p is divided by 14.
13
Let w(l) = 3*l - 70. Let k be w(28). Suppose k*d = 18*d - 260. Calculate the remainder when d is divided by 22.
21
Let q(x) = x + 12. Let l be q(-7). Suppose 3*f = l*f - 4, 0 = v - 2*f - 154. Calculate the remainder when v is divided by 20.
18
Suppose 493 = 4*u - 111. Let v = -67 + u. Let w(o) = 29*o**2 + 2*o + 2. Calculate the remainder when v is divided by w(-1).
26
Suppose -10 = l - 2*l. Suppose -2*h + 21 = 3*a, -4*a = -646*h + 645*h + 38. Calculate the remainder when h is divided by l.
8
Calculate the remainder when 349 is divided by -102*(-1 - (-5)/10).
43
Let u(k) = 19*k - 6. Suppose -38*h = 71 - 945. Calculate the remainder when u(5) is divided by h.
20
Let f(v) = 7*v + 15. Let g be f(0). Let k(p) = -p**3 + 17*p**2 - 19*p + 19. What is the remainder when k(g) is divided by 37?
36
Let m be 0 - (-1 + 0) - -38. Suppose -101*u = -1069 - 143. What is the remainder when (-1)/(-2) + m/2 is divided by u?
8
What is the remainder when 627 is divided by -63*(-6 - (-32)/6)?
39
Let n = 206 - 83. Calculate the remainder when n is divided by 23.
8
Suppose 4*o - 53 = 23. What is the remainder when o is divided by 10?
9
Let r be (-975)/12 + (-2)/(-8). Let v = -38 - r. Calculate the remainder when v is divided by ((-6)/(-4))/(((-27)/(-30))/9).
13
Suppose 0 = -99*m + 5*m + 7990. What is the remainder when m is divided by 29?
27
Let u = -5 - -11. What is the remainder when (-4)/6 - (-178)/u is divided by 11 + -8 + 3 + 4?
9
Let z = -57 + 67. Calculate the remainder when 17 is divided by z.
7
Let j = 0 + -6. Let i = 11 + j. Suppose 3*v - 7*v + 12 = 2*q, -i = -2*q + 3*v. Calculate the remainder when q is divided by 2.
0
Suppose -4*l = 3*b - 136, 0*